k + 6804. Calculate the greatest common divisor of k and 56.
28
Let p = -2 - 26. Let w be (p/(-6))/((-3)/(-9)). Suppose w = 2*v - 40. Calculate the highest common divisor of v and 27.
27
Let k = 0 + -3. Let x be ((-130)/39)/(1/k). Let u = 12 - 7. What is the highest common divisor of x and u?
5
Suppose c - 45 = -4*v - 0*v, -4*c = -v - 197. Suppose 0 = 4*b - c + 17. What is the greatest common divisor of 8 and b?
8
Suppose -2*v + 99 = 19. Let t be (-1)/(1/(-5)) - -1. Let n be 1/3 + 22/t. What is the greatest common divisor of n and v?
4
Suppose 0 = 22*s - 24*s + 368. Suppose -4*l + s = 3*k, 254 = 4*k - 0*l + l. Calculate the highest common factor of k and 8.
8
Suppose 0*y - 4*y + 11 = -3*r, -y + 3*r = -5. Suppose w + 4 = 3*j - 8, -y*j + 8 = -3*w. Calculate the highest common factor of 6 and j.
2
Let d = 117 + -82. Let n(y) = y**3 - 7*y**2 + 11*y - 14. Let i be n(6). Let v = -2 + i. What is the highest common factor of v and d?
7
Let u(q) = q**3 + q**2 - q + 5. Let w be u(0). Let h be (-1 - 1/(-2))*-118. Suppose 0 = 3*p - h - 1. Calculate the highest common divisor of p and w.
5
Let r = 173 - 11. Let c be ((-8)/6)/((-6)/r). What is the highest common factor of c and 54?
18
Let g = -653 + 950. Calculate the highest common divisor of g and 27.
27
Let h(k) = 25*k**2 + k - 1. Let j be h(1). Calculate the greatest common factor of j and 40.
5
Suppose -3*z - 3*p = -0*z - 12, 2*p + 6 = 5*z. Suppose -5*b + 2*y + 304 = -0*b, z = -y. What is the highest common factor of 40 and b?
20
Suppose 0 = 2*n - 2, -51*z = -49*z + 4*n - 32. What is the greatest common divisor of z and 448?
14
Suppose -3*l - 8 = -56. Suppose 24 = 3*f - 0*m - 4*m, 2*f + 3*m = l. What is the highest common divisor of f and 64?
8
Let n(k) = k**3 + 47*k**2 - 54*k - 275. Let m be n(-48). Let w(c) = 4*c**3 + c**2 - 5*c + 2. Let i be w(3). Calculate the highest common divisor of i and m.
13
Let x = 89 + -77. Suppose 90 = 16*v - 11*v. Calculate the highest common divisor of x and v.
6
Suppose 3*a - 9 = -j, 0 = 2*j + a - 8. Let h = -28 + j. Let d be 2/(-10) - 480/h. What is the greatest common factor of 38 and d?
19
Suppose 2 + 4 = 3*g. Suppose 80 = 7*d - g*d. Let c be (6*2/10)/((-2)/(-40)). Calculate the highest common divisor of d and c.
8
Let c(v) = -27*v - 511. Let k be c(-19). Calculate the highest common factor of k and 346.
2
Suppose -3*a = 5*n - 220, 5*a - 189 = n - 5*n. Let v(t) = 109*t - 2. Let b be v(1). Let r = b - n. What is the greatest common divisor of 6 and r?
6
Suppose h = 3*d - 122, d + 0*d + 5*h - 30 = 0. Let t be (0/(-1) + 22)/2. Let n = t - 3. Calculate the greatest common divisor of n and d.
8
Let f(o) = -2*o**3 + 46*o**2 + 5*o - 54. Let c be f(22). What is the greatest common factor of 16 and c?
16
Let v be (8/(-3))/(10/(-60)). Calculate the greatest common factor of v and 32.
16
Let t = 13 + -8. Let q be -5 + t + (186 - -1). Calculate the greatest common factor of 17 and q.
17
Let u = 33 + -11. Let f = u - 21. What is the highest common divisor of 11 and f?
1
Let j = 242 - 170. What is the highest common divisor of j and 18?
18
Let c(r) = r**2 - 16*r - 125. Let k be c(22). Calculate the greatest common factor of k and 161.
7
Suppose -1961 = -3*g + 334. Suppose s - g = -4*w + 527, -w + 323 = -5*s. Suppose -55 = -3*o + w. What is the greatest common factor of 14 and o?
14
Let h be (2 - (3 + 28))/(-1). Let d be 4/(-14) + (-232)/(-28). Let z be d/(-28) - 410/(-14). What is the highest common factor of z and h?
29
Let w be ((-272)/(-6) + (-150)/(-90))*2. Calculate the highest common factor of 423 and w.
47
Suppose 5*g - 368 + 44 = -4*a, 3*a - 2*g = 266. What is the greatest common factor of a and 2752?
86
Let s = 20 + -16. Suppose -5*r = -2*j - 18, -3*j = s*r - 23 + 4. Suppose 91 = 3*m + r*t - 3*t, 4*m - 3*t = 117. Calculate the highest common factor of m and 6.
6
Let s(f) = -2*f**2 - 23*f + 7. Let p be s(-11). What is the greatest common divisor of 450 and p?
18
Suppose -2*o + 2*c = -0*o - 8, -o + 2*c = -3. Suppose -3*y + 332 = -4*r + 328, -5*r - 10 = -5*y. What is the greatest common factor of o and y?
1
Suppose 65 = 3053*m - 3048*m. Suppose u - 4*k = 48, -2*u + 5*k - k = -100. Calculate the greatest common factor of u and m.
13
Let b = 26 + -17. Let k be (30/b)/(1/24). Let z = -1587 - -1603. Calculate the highest common factor of k and z.
16
Let x = -599 - -851. Calculate the highest common factor of x and 18.
18
Suppose 3*v = -2*y + 424, -7*y + 12*y + 5*v = 1065. Suppose -4*f - 3*k + 936 = -2*k, -f - 5*k = -y. What is the highest common divisor of 94 and f?
47
Let x = 4 + -8. Suppose 0 = -h - 422 - 118. Let p be ((-4)/(-6))/(x/h). Calculate the greatest common divisor of 36 and p.
18
Suppose -16*z = -3*z - 156. Suppose z = -9*t + 147. Calculate the highest common divisor of 15 and t.
15
Let i(j) = -j**2 + 23*j + 159. Let v be i(-5). What is the highest common divisor of 57 and v?
19
Let d = -72 - -75. Let m be d/(-2) + (399/2 - 2). What is the greatest common divisor of m and 28?
28
Let c(s) = 2*s**3 + 6*s - 24. Let j be c(5). What is the highest common divisor of j and 16?
16
Let q(o) = o**3 + 5*o**2 - 6*o + 4. Let m be q(-6). Suppose 5*y - 20 = m*y. Let s be 20*(-3 - (-108)/y). Calculate the highest common factor of 6 and s.
6
Suppose 0 = -31*i + 2942 + 1708. What is the highest common factor of 45 and i?
15
Suppose 5*n - 237 = -d, 6*n - 4*d + 180 = 10*n. What is the highest common divisor of 40 and n?
8
Let b(m) = m**3 + m**2 + 2*m + 21. Let t be b(0). Let a(w) = w**3 - 21*w**2 - w + 25. Let d be a(t). Calculate the greatest common factor of d and 18.
2
Suppose f - 39 - 140 = 0. Suppose f = 2*z + 59. Let u(x) = x**3 - 8*x**2 + 10*x - 6. Let g be u(7). Calculate the greatest common divisor of g and z.
15
Suppose d - 20 = -2*n, -n + 4*d - 3 - 5 = 0. Let a be (n/20)/(3/465). Calculate the highest common factor of a and 31.
31
Let j = 65 - 99. Let d = -48 - j. Let g be (60/d)/((-13)/364). Calculate the greatest common divisor of g and 48.
24
Suppose 0 = 45*t - 50*t + 50. Suppose 0 = 3*a - 117 + 27. Calculate the highest common divisor of a and t.
10
Suppose -17*a + 15*a = 12. Let i(h) = -19*h - 24. Let f be i(a). Calculate the greatest common factor of f and 9.
9
Let f(a) = -a**3 - 11*a**2 - 28*a + 2. Let c be f(-7). Calculate the highest common divisor of c and 2.
2
Let s(k) = k**3 - 25*k**2 + 45*k + 25. Let j be s(23). Calculate the greatest common divisor of 88 and j.
2
Let r(h) = h**2 + 9*h + 26. Let c be r(0). Calculate the highest common divisor of 130 and c.
26
Let j(u) = 3*u**2 + 13*u - 12. Let a be j(-6). What is the greatest common divisor of a and 4?
2
Let c(b) = -4*b. Let l be c(-1). Suppose 200 = 8*o - l*o. Let m be (135/243)/((-1)/(-9)). Calculate the highest common divisor of m and o.
5
Let c = 493 - 485. Calculate the greatest common factor of c and 12.
4
Let r = -165 + 195. Suppose 0 = t - 3*t - 2*c + 50, 0 = -4*t + 2*c + 82. Let m = r - t. Calculate the highest common divisor of m and 8.
8
Let y(o) = 9*o**2 - 47*o + 192. Let z be y(6). What is the greatest common divisor of z and 273?
39
Let q(x) = -6*x**2 + 108*x + 24. Let k be q(13). What is the highest common factor of 72 and k?
18
Let u be 2956/6 + (84/(-12))/(-21). What is the highest common divisor of 116 and u?
29
Let c be 1621 + (-1 + 45)/4. Calculate the highest common divisor of 8 and c.
8
Let z(d) = 3*d**2 - d - 2. Let u be z(2). Suppose a - 56 = -0*a. Calculate the highest common factor of a and u.
8
Let k be ((-6026)/393)/((-2)/39). Calculate the greatest common factor of k and 78.
13
Suppose 8*f = -12*f + 260. Calculate the highest common factor of 78 and f.
13
Let p = -940 - -947. Let u be (0 + (2 - -5))*3. What is the greatest common divisor of p and u?
7
Let x(m) = 35*m**2 + 20*m + 33. Let a be x(-6). What is the highest common factor of a and 51?
51
Suppose -300 = -5*k - 0*k. What is the greatest common divisor of 36 and k?
12
Let l be (-1)/9 - (-1456)/144. Suppose 0 = -3*y, y - 12 - 18 = -z. What is the highest common factor of l and z?
10
Let l(t) = 4*t**3 + 2*t**2 - 2*t - 2. Let m be l(2). Let k = 643 + -269. What is the greatest common divisor of k and m?
34
Let a(m) = m + 5. Let g be a(-4). Let t = -3530 + 3537. What is the greatest common factor of t and g?
1
Suppose -8*s - 